{"id":2,"date":"2013-01-02T09:12:03","date_gmt":"2013-01-02T08:12:03","guid":{"rendered":"http:\/\/192.168.1.253\/?page_id=2"},"modified":"2020-02-10T23:26:10","modified_gmt":"2020-02-10T22:26:10","slug":"maquette","status":"publish","type":"page","link":"https:\/\/dev0.vincentgirard.fr\/?page_id=2","title":{"rendered":"Maquette"},"content":{"rendered":"\n<p>Infographiste depuis 1992, je me suis sp\u00e9cialis\u00e9 dans la presse \u00e9crite. Durant toutes ces ann\u00e9es, j&rsquo;ai acquis tout le savoir indispensable \u00e0 l&rsquo;\u00e9laboration d&rsquo;une maquette \u00ab\u00a0z\u00e9ro\u00a0\u00bb d\u00e9faut. Lors des 13 derni\u00e8res ann\u00e9es pass\u00e9es au service des magazines <em>Cabines<\/em> et <em>Proform<\/em>, j&rsquo;ai \u00e9t\u00e9 \u00e0 l&rsquo;origine de toutes les initiatives visant \u00e0 simplifier et am\u00e9liorer les outils de travail.<\/p>\n\n\n\n<p>Voici quelles \u00e9taient mes attributions :<\/p>\n\n\n\n<ul><li>\u00e9laboration de nouvelles maquettes ;<\/li><li>d\u00e9finition des feuilles de style ;<\/li><li>mise en page des magazines ;<\/li><li>choix des photos et illustrations ;<\/li><li>corrections d&rsquo;auteurs ;<\/li><li>v\u00e9rification des fichiers de publicit\u00e9 envoy\u00e9s par les clients ;<\/li><li>corrections des fichiers en cas de probl\u00e8mes mineurs ;<\/li><li>relation avec les clients ou leurs agences en cas de probl\u00e8me majeurs ;<\/li><li>\u00e9laboration des \u00ab\u00a0chemins de fer\u00a0\u00bb ;<\/li><li>finalisation (corrections et pagination) et export des fichiers au format PDF ;<\/li><li>assemblage du magazine et d\u00e9coupage en cahiers pour envoi \u00e0 l&rsquo;imprimeur ;<\/li><li>transfert des fichiers par FTP chez l&rsquo;imprimeur ;<\/li><li>r\u00e9ception, contr\u00f4le et validation des \u00e9preuves d\u00e9finitives.<\/li><\/ul>\n","protected":false},"excerpt":{"rendered":"<p>Infographiste depuis 1992, je me suis sp\u00e9cialis\u00e9 dans la presse \u00e9crite. Durant toutes ces ann\u00e9es, j&rsquo;ai acquis tout le savoir indispensable \u00e0 l&rsquo;\u00e9laboration d&rsquo;une maquette \u00ab\u00a0z\u00e9ro\u00a0\u00bb d\u00e9faut. Lors des 13 derni\u00e8res ann\u00e9es pass\u00e9es au service des magazines Cabines et Proform, j&rsquo;ai \u00e9t\u00e9 \u00e0 l&rsquo;origine de toutes les initiatives visant \u00e0 simplifier et am\u00e9liorer les outils [&hellip;]<\/p>\n","protected":false},"author":1,"featured_media":0,"parent":0,"menu_order":1,"comment_status":"closed","ping_status":"open","template":"","meta":{"_exactmetrics_skip_tracking":false,"_exactmetrics_sitenote_active":false,"_exactmetrics_sitenote_note":"","_exactmetrics_sitenote_category":0,"footnotes":""},"_links":{"self":[{"href":"https:\/\/dev0.vincentgirard.fr\/index.php?rest_route=\/wp\/v2\/pages\/2"}],"collection":[{"href":"https:\/\/dev0.vincentgirard.fr\/index.php?rest_route=\/wp\/v2\/pages"}],"about":[{"href":"https:\/\/dev0.vincentgirard.fr\/index.php?rest_route=\/wp\/v2\/types\/page"}],"author":[{"embeddable":true,"href":"https:\/\/dev0.vincentgirard.fr\/index.php?rest_route=\/wp\/v2\/users\/1"}],"replies":[{"embeddable":true,"href":"https:\/\/dev0.vincentgirard.fr\/index.php?rest_route=%2Fwp%2Fv2%2Fcomments&post=2"}],"version-history":[{"count":0,"href":"https:\/\/dev0.vincentgirard.fr\/index.php?rest_route=\/wp\/v2\/pages\/2\/revisions"}],"wp:attachment":[{"href":"https:\/\/dev0.vincentgirard.fr\/index.php?rest_route=%2Fwp%2Fv2%2Fmedia&parent=2"}],"curies":[{"name":"wp","href":"https:\/\/api.w.org\/{rel}","templated":true}]}}